y o?
14
What is the remainder when (64/720*18)/(3/1725) is divided by 83?
7
Let o(p) = -p**3 - 2*p - 4 - p + 0*p**2 - 5*p**2. Suppose 1340 + 1885 = 215*d. What is the remainder when o(-6) is divided by d?
5
Let n(j) = -18*j. Suppose -4*x - 3*y = -623, -2*y - 242 = -2*x + 66. What is the remainder when x is divided by n(-1)?
11
Suppose -23*x - 112 = 279. Let t(r) = r**3 + 17*r**2 - 4*r - 1. Calculate the remainder when t(x) is divided by 52.
15
Let o be (7/(56/(-6)))/((-9)/36). What is the remainder when 350 is divided by 50 + (o - 12) + 3?
42
Let q = 514 - 308. Let p = -978 - -1447. Suppose 78 - p = -17*g. Calculate the remainder when q is divided by g.
22
Suppose 5*u + 0*u = -3*c + 39428, -4*c + 3*u + 52590 = 0. What is the remainder when c is divided by 19?
17
Let c = 240 - 158. Suppose -6*v = 5*k - 4*v - 230, -2*k - 5*v + 92 = 0. Suppose -6*a + 298 = k. Calculate the remainder when c is divided by a.
40
Suppose -16 = -s - 6. Suppose 0 = -5*b + s - 5. What is the remainder when (-4 + b)/(-3)*97 is divided by 14?
13
Calculate the remainder when 176 is divided by (-20)/(-45) + (-5)/((-270)/624).
8
Let c = -240 + 244. Calculate the remainder when 92 is divided by 38/2*(c + -14 - -11).
16
Let o be (-2 + 1)*(3 + -3). Let b = -164 - -159. What is the remainder when 9 is divided by 1 - b*(1 - o)?
3
Let r = -139 + 144. Suppose 151 = 3*z + 2*z + 2*q, -r*z = -q - 142. Calculate the remainder when 49 is divided by z.
20
Suppose 0 = 9*r - 7116 - 9050 - 637. Calculate the remainder when r is divided by 22.
19
Let a(o) = -8*o - 29. Let v(f) = -95*f - 350. Let i(x) = 25*a(x) - 2*v(x). Let j be i(-2). Calculate the remainder when j/(-20) - (-351)/4 is divided by 32.
24
Let z(w) = -w**3 - 49*w**2 - 2427. Calculate the remainder when 8903 is divided by z(-50).
70
Let j(u) = -5*u - 390. What is the remainder when 4274 is divided by j(-86)?
34
Let x = 13524 + -13409. Calculate the remainder when 2403 is divided by x.
103
Let j = -2460 + 2479. Calculate the remainder when 375 is divided by j.
14
Let a(s) = -s**2 - 27*s - 42. Suppose -v - 101 = -3*b, 2*b + 4*v - v = 60. Let j = 39 - b. Calculate the remainder when a(-25) is divided by j.
2
Let z(u) = -u**3 + 14*u**2 - 4*u - 32. Let m be z(13). Suppose -w + m = -2*o - 2*o, -134 = -2*w - o. Calculate the remainder when w is divided by 37.
32
Let n = -16759 + 17093. Calculate the remainder when 769 is divided by n.
101
Let v be (10/(-6))/((-55)/198). Suppose 9*l = v*l - 114. What is the remainder when -4 - -6 - (-1 + l) is divided by 21?
20
Let c(j) = 661*j**3 - 12*j**2 + j + 1. Calculate the remainder when c(2) is divided by 92.
91
Let s = 442 + -439. Suppose 0 = -s*k - 5*u + 142, 2*k + 2*k - 5*u = 166. Calculate the remainder when 144 is divided by k.
12
Let z(h) = 2*h**3 - 15*h**2 + 3*h + 120. Calculate the remainder when z(10) is divided by 216.
2
Suppose -3*u + 2*o = -1237, 5*o - 11 = -2*u + 839. Let j = -88887 + 88906. Calculate the remainder when u is divided by j.
16
Suppose -12*v + 90820 = 89740. Calculate the remainder when v is divided by 81.
9
Suppose -4*i = 5*l - 330, 4*i - 310 = 3*l + 2*l. What is the remainder when 247 is divided by i?
7
Suppose -562*k = -471*k - 47138. Calculate the remainder when k is divided by 504.
14
Let b be (-5)/(4 - 75/18). Suppose 35 - 3 = 4*p + 2*a, -a + b = 4*p. Calculate the remainder when 8 is divided by p.
1
Let r = -10 + 16. Suppose 5786 = -315*l + 258*l + 320*l. What is the remainder when l is divided by r?
4
Let x(p) = p**3 + p**2 + 32 + 37*p + 28*p**2 - 5*p**2. What is the remainder when x(-22) is divided by 47?
45
Suppose 0 = 2*o + 942 - 940. Let f(p) = -p**3 - 3*p**2 - 5*p - 5. What is the remainder when (0 - ((-57)/(-4) - o))*-8 is divided by f(-4)?
29
Let j(s) = 101*s + 1307. What is the remainder when j(-10) is divided by 88?
33
Calculate the remainder when 2871/(-203)*-7 + 2 + 0 is divided by 33.
2
Suppose -2*t + 667 = m, 994 = 3*t + 13*m - 18*m. Calculate the remainder when t is divided by 283.
50
What is the remainder when 143 is divided by 16/6*(-15 + 462/28)?
3
Suppose -17973 + 11925 = -189*i. Suppose -4*y = -h - 507, -y = -2*y + 2*h + 132. What is the remainder when y is divided by i?
30
Let j be 0/(2/(-1)*1). Let a(c) be the first derivative of -c**3/3 - 3*c**2/2 + c + 158. Calculate the remainder when 1 is divided by a(j).
0
Let u(x) = -x**2 + 23*x - 1. Let d be u(23). Calculate the remainder when (-2 - d) + (-222 + 13)/(-11) is divided by 4.
2
Calculate the remainder when ((-10)/(-3))/((-40)/60) + 398 is divided by 101.
90
Suppose -5*o - 3*f = -26, -4*o + 2*f = -2*o - 4. Suppose -3 = 7*c - 10*c, -183 = -o*k + c. What is the remainder when k is divided by 23?
0
Let p(i) = -26*i + 6. Let h be p(-3). Let c = 145 - h. Calculate the remainder when c is divided by 8.
5
Let h(r) = 10*r**2 + 4*r + 2. Suppose 2*s + 30 = j, 268 = 5*j - 4*s + 64. What is the remainder when j is divided by h(-2)?
14
Let h be (0 - -1*2)/(-4 + 5). Suppose -3*f + 6 = -3*y, -4*f - 2 = -h*f + 4*y. What is the remainder when 32 is divided by ((-2)/(-1 + -5))/(f/54)?
14
Suppose -48 = 3*d - 11*d. Let p be 4/d + (-10)/6. Let l = 9 - p. What is the remainder when 27 is divided by l?
7
Let j be 2/(-13) + (-7420)/(-910). Let b(i) = -i**2 + 14*i - 20. What is the remainder when 35 is divided by b(j)?
7
Suppose m - 6*m = -340. Suppose 5*o + 147 + m = 0. Let i = 77 + o. Calculate the remainder when i is divided by 5.
4
Suppose 0*s = 3*s - 12. Let j(i) = 58*i + 1294. What is the remainder when j(-22) is divided by s?
2
Let u(p) = 6*p**2 + p + 2. Let k = -1581 + 1673. What is the remainder when k is divided by u(-2)?
20
Let b be 3 + -7 + 0 + 6. Let h be b + (0 - -2) + 1. Suppose -4*j + v + 4*v + 180 = 0, 4*v = h*j - 225. What is the remainder when j is divided by 23?
22
Calculate the remainder when 733 is divided by ((4/6)/((-8)/18))/((-639)/152934).
15
Suppose -347*x + 1666 = -340*x. Suppose 313 = 3*t + 3*n - 32, 2*n + x = 2*t. What is the remainder when t is divided by 61?
56
Suppose u = 3*x + 9235, 6815 = 2*u + 4*x - 11705. What is the remainder when u is divided by 18?
16
Suppose 0*y + 52 = 4*y. Calculate the remainder when (2353/26)/(7/14) is divided by y.
12
Let x = -10608 - -11571. Calculate the remainder when 1951 is divided by x.
25
Suppose -3*i + 158 = 5*o, 6*o - i = 8*o - 64. Suppose -5*c + 5 = 15. Calculate the remainder when o is divided by (c + 22/8)/((-5)/(-80)).
10
Let u(h) = 2*h**2 - 16*h - 207. Let q be u(25). Suppose 19*n - 21*n + q = 5*p, -3*p - 3*n + 384 = 0. Calculate the remainder when p is divided by 33.
30
Suppose 550 = -4*u - 10*s + 9*s, 5*u - s + 692 = 0. Let a = 240 + u. Calculate the remainder when a is divided by 52.
50
Let n = -212 + 228. Suppose d - 14 = n. Calculate the remainder when 78 is divided by d.
18
Let p be (-8)/68 - (-7 - (-1008)/102). Let f(d) = d**3 + 5*d**2 + 6. Calculate the remainder when 50 is divided by f(p).
2
Calculate the remainder when 8245 is divided by (452/(-50))/((-4)/10)*5.
109
Let x(p) = -p + 27. Let z = 10 + -10. Calculate the remainder when (-7 - 15/(-10))*-24 is divided by x(z).
24
Let i = -2 - 15. Let w = i + 21. Suppose w*r + 60 = 10*r. Calculate the remainder when r is divided by 4.
2
Suppose 5*h = 4*b - 63, -103 = -4*b - 2*h - 5. Calculate the remainder when 1406 is divided by b.
20
What is the remainder when (14*(-3)/30)/((-76)/42940) is divided by 248?
47
Let q = 43932 + -25386. What is the remainder when q is divided by 175?
171
Let b be 1*(-15)/2 - (-2)/4. Let a(z) = z**2 - 3*z - 30. Calculate the remainder when 355 is divided by a(b).
35
Let l = 7526 + -7375. Calculate the remainder when 866 is divided by l.
111
Suppose 7*j = 3*j. Suppose -7*m - 91 = -8*m - 3*n, 5*n + 5 = j. What is the remainder when m is divided by 19?
18
Let n = 110 + -73. Suppose -w + 2*a = -45, -w - a = -n + 4. Calculate the remainder when 293 is divided by w.
34
Calculate the remainder when ((-1010)/4)/(146/(-12) - -12) is divided by 23.
20
Let u(d) = -d**3 + 6*d**2 + d - 1. What is the remainder when (20 - (-1 - 20)) + (2 - (-2 + 1)) is divided by u(6)?
4
Calculate the remainder when (-86322)/(-42) + 42/(-147) is divided by 4.
3
Suppose v - 116 = 39*x - 35*x, -4*v = 5*x - 359. What is the remainder when v is divided by -40*(2 - 10/4)?
16
Suppose 3*w